4a47
In base 2, what is -100 - -10010100011110000101100110?
10010100011110000101100010
In base 9, what is 61631 - 7537?
53083
In base 15, what is -2 - -68b765?
68b763
In base 7, what is 11100400 + -2?
11100365
In base 6, what is 4 + -1423422?
-1423414
In base 12, what is -1b40 - b11?
-2a51
In base 7, what is 23366 - 350?
23016
In base 2, what is -10000 + -10010001100111100010110?
-10010001100111100100110
In base 14, what is 1875b90 + -3?
1875b8b
In base 4, what is 332232 - 2322?
323310
In base 5, what is -12113 + -334213?
-401331
In base 13, what is 1b5cb615 + -1?
1b5cb614
In base 4, what is -1031131223 + 102?
-1031131121
In base 11, what is 20a0a4a9 - -5?
20a0a503
In base 7, what is 0 + -3663344445?
-3663344445
In base 6, what is -1130 - -144043?
142513
In base 5, what is 21421332 - 432?
21420400
In base 14, what is -17a4a - -431?
-17619
In base 12, what is 23 - -2798025?
2798048
In base 14, what is -14 - 3bcb?
-3c01
In base 10, what is -5172 + 152?
-5020
In base 6, what is 41200214 - -11?
41200225
In base 7, what is -1151635 + -114?
-1152052
In base 13, what is 1c + -1a6cb5?
-1a6c96
In base 14, what is 215c4 - 2061?
1d563
In base 5, what is -104022402343 - -12?
-104022402331
In base 14, what is 128bc3 - 48?
128b79
In base 10, what is 7140620 + -18?
7140602
In base 9, what is 18510 - -80?
18600
In base 13, what is 0 - 18765106?
-18765106
In base 14, what is 14534 + -41?
144d3
In base 2, what is 1 - 11111000010001000101?
-11111000010001000100
In base 3, what is -20101220 + 1021120?
-12010100
In base 3, what is -11 - 122221122111011?
-122221122111022
In base 3, what is -210201202100012 - -2?
-210201202100010
In base 16, what is -24483748 - -2?
-24483746
In base 8, what is 521320046 + -3?
521320043
In base 3, what is 221210022211 + -2?
221210022202
In base 4, what is -210123 - -1021020323?
1020210200
In base 7, what is -3546332544 - 10?
-3546332554
In base 16, what is 158507 + -4?
158503
In base 9, what is 78 - 41522?
-41433
In base 6, what is -143240035 - 140?
-143240215
In base 14, what is -4 - -82a12c?
82a128
In base 6, what is 453 + 3211251?
3212144
In base 6, what is 104543220 - 5?
104543211
In base 6, what is -2 + 35030125?
35030123
In base 2, what is -10010111010011001100011 - -10100110?
-10010111010010110111101
In base 4, what is 20133200221 + -100?
20133200121
In base 15, what is -311b1cba - -4?
-311b1cb6
In base 11, what is -6a960 - 6332?
-76192
In base 15, what is 42b - -16?
442
In base 3, what is 120121211112222 + 11?
120121211120010
In base 16, what is -7044d + 26?
-70427
In base 11, what is 1223100a - 0?
1223100a
In base 11, what is -3 + 165702190?
165702188
In base 13, what is -5 - -39429927?
39429922
In base 2, what is -1010110111101001101100110 + -10?
-1010110111101001101101000
In base 4, what is -3231132 - 333?
-3232131
In base 10, what is 1 - 6451037?
-6451036
In base 5, what is -1041 - 1141040124?
-1141041220
In base 2, what is 1011111100010010101011110 - -101?
1011111100010010101100011
In base 7, what is -204502 - -36254?
-135215
In base 9, what is -4116246 - -286?
-4115850
In base 5, what is -3 + -2420300112?
-2420300120
In base 15, what is 82 + 8385?
8417
In base 16, what is -35c - 19d95?
-1a0f1
In base 8, what is -343 + -24664?
-25227
In base 13, what is aa62 - 233?
a82c
In base 9, what is 1 - -65027432?
65027433
In base 12, what is -287aab + -3?
-287ab2
In base 2, what is 1100 + 101011000101110101000?
101011000101110110100
In base 14, what is 36c99b + 7?
36c9a4
In base 5, what is -234431221314 + 3?
-234431221311
In base 10, what is 16 - -2799541?
2799557
In base 4, what is 112213201 - -21?
112213222
In base 8, what is -2005 - -300437?
276432
In base 6, what is 13012 - -40232?
53244
In base 4, what is 21031333102 + -1230?
21031331212
In base 15, what is -7ba - 1a1?
-96b
In base 5, what is 222043314401 + -2?
222043314344
In base 12, what is -1778589 - -5?
-1778584
In base 13, what is -a1 + -313bb?
-3148c
In base 12, what is 8038ab - 2a?
803881
In base 16, what is -e1a6cf - 1?
-e1a6d0
In base 7, what is -10 - 461410605?
-461410615
In base 12, what is -114 + 36280?
36168
In base 10, what is 16002429 + 2?
16002431
In base 12, what is -14546 - -61?
-144a5
In base 10, what is 25394 - -1374?
26768
In base 16, what is -67f52 + -17?
-67f69
In base 15, what is -20dc - 87?
-2174
In base 4, what is 1113 + 33033001?
33100120
In base 15, what is c + -d7025?
-d7018
In base 7, what is 14014401 + 226?
14014630
In base 9, what is 64272881 - 3?
64272877
In base 4, what is -3100120302 + 20?
-3100120222
In base 11, what is -116 - 30009?
-30124
In base 10, what is 68989106 + 3?
68989109
In base 5, what is 3104400224 + 42?
3104400321
In base 5, what is -4333334411 - -2?
-4333334404
In base 3, what is 1 + -12220220120122020?
-12220220120122012
In base 16, what is 23 - -11d5d7?
11d5fa
In base 11, what is 2795a - a?
27950
In base 3, what is -1202121200 - 110211210?
-2020110110
In base 16, what is -8be1 - b07?
-96e8
In base 3, what is 102 + -11122222102102?
-11122222102000
In base 16, what is f0 - -394b9?
395a9
In base 7, what is 14361003130 + 4?
14361003134
In base 10, what is -53477 - -82?
-53395
In base 4, what is -3333330212120 - 0?
-3333330212120
In base 5, what is 2 - 24134104?
-24134102
In base 5, what is -10 + -124213242042?
-124213242102
In base 8, what is 50350 - -273?
50643
In base 2, what is -1000010 + 1010001000011001000000?
1010001000010111111110
In base 14, what is 9 + -bd61a?
-bd611
In base 14, what is 1736d00 - 4?
1736cda
In base 9, what is 11 - -82316?
82327
In base 14, what is b1 + 13720?
137d1
In base 5, what is 1434203 + -203024?
1231124
In base 9, what is 5 - -33688086?
33688102
In base 9, what is 33560841 + -2?
33560838
In base 14, what is 3158 - 363?
2bd5
In base 9, what is 166 + 203463?
203640
In base 13, what is 3b + -938133?
-9380c5
In base 8, what is 33 - 13507777?
-13507744
In base 7, what is -15526 + -11?
-15540
In base 13, what is -c0c24a - -1?
-c0c249
In base 4, what is 302 - -313020320?
313021222
In base 14, what is 10 + a7a1d3?
a7a203
In base 10, what is -1957584 + 3?
-1957581
In base 4, what is 133333122 + 1033?
200000221
In base 14, what is -2b024 - -36?
-2adcc
In base 5, what is 1033341000 - 1?
1033340444
In base 6, what is 3205 + -3453001?
-3445352
In base 2, what is -10001111101110101001010011 + -11?
-10001111101110101001010110
In base 10, what is 39 - 75798?
-75759
In base 5, what is 2 + -1220302043?
-1220302041
In base 9, what is -241 - 44855?
-45206
In base 11, what is -1596a18a + 8?
-1596a182
In base 16, what is -167 + 389c4?
3885d
In base 15, what is -24 + 1a8200?
1a81cb
In base 12, what is 7 + -33a99b?
-33a994
In base 6, what is -21304 - -100010?
34302
In base 15, what is -87a + 1401?
a76
In base 4, what is 20333120113012 - 11?
20333120113001
In base 11, what is 21aa4 - 1219?
20886
In base 3, what is -22 - -22121010201112?
22121010201020
In base 8, what is -2 - 256027153?
-256027155
In base 16, what is -36c - 3359d?
-33909
In base 13, what is 33522 - -11a?
3363c
In base 4, what is 3303313 + 120021?
10030000
In base 12, what is 9 - -32344?
32351
In base 13, what is 2 + 336a0841?
336a0843
In base 8, what is 17657125 + 11?
17657136
In base 10, what is -1053326 - 8?
-1053334
In base 15, what is -17c4eab + -33?
-17c4ede
In base 6, what is -5 + 22012143?
22012134
In base 15, what is 1bb134 - -54?
1bb188
In base 10, what is -4548738 - 0?
-4548738
In base 5, what is -1434140010 - 3?
-1434140013
In base 14, what is -199d6 - -776?
-19260
In base 14, what is 3 + -15679c6?
-15679c3
In base 8, what is -750 - -35714?
34744
In base 13, what is 256 - -30131?
30387
In base 2, what is -1101010110101 - 1101001000101?
-11010011111010
In base 8, what is 651 + -351442?
-350571
In base 11, what is -129 + -1818?
-1946
In base 8, what is 4 - -11476023?
11476027
In base 5, what is 21010331040 + 0?
21010331040
In base 16, what is 1194517 - -1?
1194518
In base 3, what is 20210222 + 111021?
21022020
In base 2, what is 11101010101100111 - -11100?
11101010110000011
In base 4, what is 3220323122333 - 0?
3220323122333
In base 2, what is -11000100010 + 111100000010010?
111000111110000
In base 8, what is -10 + 2462611?
2462601
In base 9, what is 685 - -368302?
370087
In base 2, what is -100 + 1001000111000110101111?
10010001110001101